{"id":17,"date":"2011-12-12T07:39:58","date_gmt":"2011-12-12T07:39:58","guid":{"rendered":"http:\/\/localhost\/wordpress\/?p=17"},"modified":"2011-12-12T07:39:58","modified_gmt":"2011-12-12T07:39:58","slug":"diplomska-in-doktorska-dela-o-korupciji","status":"publish","type":"page","link":"https:\/\/www.dossierkorupcija.com\/wiki\/?page_id=17","title":{"rendered":"Diplomska, magistrska in doktorska dela o korupciji"},"content":{"rendered":"<p>\u00a0<\/p>\n<p><span lang=\"SL\">Na tem mestu bomo zbirali povezave do diplomskih in magistrskih del ter doktorskih disertacij na temo korupcija (in vse, kar je mo\u010dno povezano z njo). Navedli bomo samo dela, ki so dosegljiva na internetu. <\/span><\/p>\n<p>\u00a0<\/p>\n<div align=\"center\">\n<hr width=\"100%\" size=\"2\" \/><\/div>\n<ul type=\"disc\">\n<li><strong>Diplomska dela<\/strong><\/li>\n<\/ul>\n<p><span lang=\"SL\"><a href=\"https:\/\/www.cek.ef.uni-lj.si\/u_diplome\/bursac2258.pdf\" title=\"https:\/\/www.cek.ef.uni-lj.si\/u_diplome\/bursac2258.pdf\">Razvoj protikorupcijskega boja v Sloveniji<\/a> <\/span><\/p>\n<p>\u00a0<\/p>\n<p><span lang=\"SL\"><a href=\"https:\/\/www.cek.ef.uni-lj.si\/u_diplome\/zlajpah54.pdf\" title=\"https:\/\/www.cek.ef.uni-lj.si\/u_diplome\/zlajpah54.pdf\">Etika in korupcija v poslovnem svetu<\/a> <\/span><\/p>\n<p>\u00a0<\/p>\n<p><span lang=\"SL\"><a href=\"https:\/\/www.cek.ef.uni-lj.si\/u_diplome\/garvas294.pdf\" title=\"https:\/\/www.cek.ef.uni-lj.si\/u_diplome\/garvas294.pdf\">Eti\u010dni vidiki poslovnih daril<\/a><\/span><\/p>\n<p><span lang=\"SL\"><br \/><\/span><\/p>\n<p><span lang=\"SL\"><a href=\"https:\/\/dkum.uni-mb.si\/Dokument.php?id=19281\">Poslovanje v jugovzhodni Evropi z vidika kulturnih razlik<\/a><\/span><\/p>\n<p>\u00a0<\/p>\n<p><span lang=\"SL\"><a href=\"https:\/\/dk.fdv.uni-lj.si\/diplomska\/pdfs\/knez-mojca.pdf\">Prepre\u010devanje in boj proti korupciji v javni upravi<\/a><\/span><\/p>\n<p>\u00a0<\/p>\n<p><span lang=\"SL\"><a href=\"https:\/\/dk.fdv.uni-lj.si\/diplomska\/pdfs\/cubrilo-tijana.pdf\">Boj proti korupciji: Evropski standardi in nacionalna politika Republike Hrva\u0161ke<\/a><\/span><\/p>\n<p>\u00a0<\/p>\n<p><span lang=\"SL\"><a href=\"https:\/\/dk.fdv.uni-lj.si\/diplomska\/pdfs\/senic-helena.pdf\">Koruptivnost in\u0161pektorjev v Sloveniji<\/a><\/span><\/p>\n<p>\u00a0<\/p>\n<p><span lang=\"SL\"><a href=\"https:\/\/dk.fdv.uni-lj.si\/diplomska\/pdfs\/kovac-rok.pdf\">Diskurzi postkolonializma: politi\u010dna misel v romanih Chinue Achebeja<\/a><\/span><\/p>\n<p>\u00a0<\/p>\n<p><span lang=\"SL\"><a href=\"https:\/\/dk.fdv.uni-lj.si\/diplomska\/pdfs\/Gec-Samo.pdf\">Korupcija v zdravstvu<\/a><\/span><\/p>\n<p>\u00a0<\/p>\n<p><span lang=\"SL\"><a href=\"https:\/\/dk.fdv.uni-lj.si\/diplomska\/pdfs\/Stefelin-Natasa.PDF\">Analiza varnostnih gro\u017eenj v Bosni in Herzegovini po letu 2000<\/a><\/span><\/p>\n<p>\u00a0<\/p>\n<p><span lang=\"SL\"><a href=\"https:\/\/dk.fdv.uni-lj.si\/diplomska\/pdfs\/Velkavrh-Sonja.PDF\">Etika javnih uslu\u017ebencev v Republiki Sloveniji<\/a><\/span><\/p>\n<p>\u00a0<\/p>\n<p><span lang=\"SL\"><a href=\"https:\/\/dk.fdv.uni-lj.si\/diplomska\/pdfs\/Savora-Mira.PDF\">Kodeksi etike v zdravstvu in korupcija kot izpostavljen problem<\/a><\/span><\/p>\n<p>\u00a0<\/p>\n<p><span lang=\"SL\"><a href=\"https:\/\/dk.fdv.uni-lj.si\/diplomska\/pdfs\/Pintar-Maja.PDF\">State capture &#8211; ujetost dr\u017eave<\/a><\/span><\/p>\n<p>\u00a0<\/p>\n<p><span lang=\"SL\"><a href=\"https:\/\/dk.fdv.uni-lj.si\/diplomska\/pdfs\/Nastran-Spela.PDF\">Dejavniki in vplivi nepotizma<\/a><\/span><\/p>\n<p>\u00a0<\/p>\n<p><span lang=\"SL\"><a href=\"https:\/\/dk.fdv.uni-lj.si\/diplomska\/pdfs\/Mihelcic-Luka.PDF\">Korupcija, zaupanje in stabilnost demokracije<\/a><\/span><\/p>\n<p>\u00a0<\/p>\n<p><span lang=\"SL\"><a href=\"https:\/\/dk.fdv.uni-lj.si\/dela\/Rednak-Barbara.PDF\">Mediji in korupcija<\/a><\/span><\/p>\n<p>\u00a0<\/p>\n<p><span lang=\"SL\"><a href=\"https:\/\/dk.fdv.uni-lj.si\/dela\/Lakovnik-Tanja.PDF\">Moralni red in korupcija<\/a><\/span><\/p>\n<p>\u00a0<\/p>\n<p><span lang=\"SL\"><a href=\"https:\/\/dk.fdv.uni-lj.si\/dela\/Virant-Barbara.PDF\">Funkcionarji in korupcija<\/a><\/span><\/p>\n<p>\u00a0<\/p>\n<p><span lang=\"SL\"><a href=\"https:\/\/dk.fdv.uni-lj.si\/dela\/Cernalogar-Dusanka.PDF\">Etika in uprava<\/a><\/span><\/p>\n<p>\u00a0<\/p>\n<p><span lang=\"SL\"><a href=\"https:\/\/dk.fdv.uni-lj.si\/dela\/Podobnik-Spela.PDF\">Korupcija pri javnih naro\u010dilih<\/a><\/span><\/p>\n<p>\u00a0<\/p>\n<p><span lang=\"SL\"><a href=\"https:\/\/dk.fdv.uni-lj.si\/dela\/Horvat-Borut.PDF\">Korupcija in konflikt &#8211; \u0161tudija primera tranzicijskih dr\u017eav<\/a><\/span><\/p>\n<p>\u00a0<\/p>\n<p><span lang=\"SL\"><a href=\"https:\/\/dk.fdv.uni-lj.si\/dela\/Simcic-Miha.PDF\">Korupcija v slovenskem gospodarstvu<\/a><\/span><\/p>\n<p>\u00a0<\/p>\n<p><span lang=\"SL\"><a href=\"https:\/\/dk.fdv.uni-lj.si\/dela\/Zupancic-Kastelic-Helena.PDF\">Afera Rde\u010di kri\u017e v lu\u010di preiskovalnega novinarstva<\/a><\/span><\/p>\n<p>\u00a0<\/p>\n<p><span lang=\"SL\"><a href=\"https:\/\/dk.fdv.uni-lj.si\/dela\/Petras-Jana.PDF\">Vpliv korupcije na razvitost dr\u017eav v razvoju<\/a><\/span><\/p>\n<p>\u00a0<\/p>\n<p><span lang=\"SL\"><a href=\"https:\/\/www.cek.ef.uni-lj.si\/u_diplome\/licen4502.pdf\">Vpliv korupcije na vstopne strategije podjetij<\/a><\/span><\/p>\n<p>\u00a0<\/p>\n<p><span lang=\"SL\"><a href=\"https:\/\/www.cek.ef.uni-lj.si\/UPES\/zagar845.pdf\">Vpliv korupcije na gospodarsko uspe\u0161nost<\/a><\/span><\/p>\n<p>\u00a0<\/p>\n<p><span lang=\"SL\"><a href=\"https:\/\/www.cek.ef.uni-lj.si\/UPES\/pikelj611.pdf\">Prijava premo\u017eenja funcionarjev z namenom prepre\u010devanja korupcije<\/a><\/span><\/p>\n<p>\u00a0<\/p>\n<p><span lang=\"SL\"><a href=\"https:\/\/www.cek.ef.uni-lj.si\/UPES\/jakopanec584.pdf\">Poslovna darila<\/a><\/span><\/p>\n<p>\u00a0<\/p>\n<p><span lang=\"SL\"><a href=\"https:\/\/www.cek.ef.uni-lj.si\/u_diplome\/sever4258.pdf\">Korupcija in vzpon tajkunov v tranziciji: primerjava Estonije in Slovenije<\/a><\/span><\/p>\n<p>\u00a0<\/p>\n<p><span lang=\"SL\"><a href=\"https:\/\/www.cek.ef.uni-lj.si\/UPES\/knezevic396.pdf\">OLAF danes<\/a><\/span><\/p>\n<p>\u00a0<\/p>\n<p><span lang=\"SL\"><a href=\"https:\/\/www.cek.ef.uni-lj.si\/u_diplome\/kordez3940.pdf\">Gospodarski razvoj Kitajske in finan\u010dna kriza<\/a><\/span><\/p>\n<p>\u00a0<\/p>\n<p><span lang=\"SL\"><a href=\"https:\/\/www.cek.ef.uni-lj.si\/UPES\/brankov3.pdf\">Nedovoljeno sprejemanje in dajanje daril kot oblika gospodarskega kriminala<\/a><\/span><\/p>\n<p>\u00a0<\/p>\n<p><span lang=\"SL\"><a href=\"https:\/\/www.cek.ef.uni-lj.si\/u_diplome\/mrak3447.pdf\">Korupcija in sodobno poslovanje: primer Siemens<\/a><\/span><\/p>\n<p>\u00a0<\/p>\n<p><span lang=\"SL\"><a href=\"https:\/\/www.cek.ef.uni-lj.si\/u_diplome\/debeljak3087.pdf\">Analiza zna\u010dilnosti poslovnega okolja na Kitajskem s poudarkom na trgu dela<\/a><\/span><\/p>\n<p>\u00a0<\/p>\n<p><span lang=\"SL\"><a href=\"https:\/\/www.cek.ef.uni-lj.si\/u_diplome\/murn3012.pdf\">Ekonomska prihodnost z nafto bogatih dr\u017eav arabskega polotoka<\/a><\/span><\/p>\n<p>\u00a0<\/p>\n<p><span lang=\"SL\"><a href=\"https:\/\/www.cek.ef.uni-lj.si\/u_diplome\/skof2785.pdf\">Korupcija in organizirani kriminal v Italiji<\/a><\/span><\/p>\n<p>\u00a0<\/p>\n<p><span lang=\"SL\"><a href=\"https:\/\/www.loc.gov\/catdir\/toc\/ecip0614\/2006018092.html (vsebina)\">Energy companies and market reform : how deregulation went wrong<\/a><\/span><\/p>\n<p>\u00a0<\/p>\n<p><span lang=\"SL\"><a href=\"https:\/\/www.cek.ef.uni-lj.si\/u_diplome\/skrbec2533.pdf\">Izzivi mednarodnega poslovanja na kitajskem trgu<\/a><\/span><\/p>\n<p>\u00a0<\/p>\n<p><span lang=\"SL\"><a href=\"https:\/\/www.cek.ef.uni-lj.si\/u_diplome\/zagozen2375.pdf\">Zakon o javnih naro\u010dilih kot na\u010din za prepre\u010devanje korupcije : analiza na primeru javnih naro\u010dil male vrednosti<\/a><\/span><\/p>\n<p>\u00a0<\/p>\n<p><span lang=\"SL\"><a href=\"https:\/\/www.cek.ef.uni-lj.si\/u_diplome\/kriz2083.pdf\">Boj proti korupciji v svetu in v Sloveniji<\/a><\/span><\/p>\n<p>\u00a0<\/p>\n<p><span lang=\"SL\"><a href=\"https:\/\/www.cek.ef.uni-lj.si\/u_diplome\/dormis1875.pdf\">Vpliv korupcije na gospodarstvo<\/a><\/span><\/p>\n<p>\u00a0<\/p>\n<p><span lang=\"SL\"><a href=\"https:\/\/www.cek.ef.uni-lj.si\/u_diplome\/gacic1874.pdf\">Analiza korupcije v Bosni in Hercegovini<\/a><\/span><\/p>\n<p>\u00a0<\/p>\n<p><span lang=\"SL\"><a href=\"https:\/\/www.cek.ef.uni-lj.si\/u_diplome\/muhic1774.pdf\">Ekonomska analiza prijavljanja na javna naro\u010dila s stali\u0161\u010da malih podjetij : primer podjetja z energetsko elektroniko<\/a><\/span><\/p>\n<p>\u00a0<\/p>\n<p><span lang=\"SL\"><a href=\"https:\/\/www.cek.ef.uni-lj.si\/u_diplome\/mesaric1726.pdf\">Pasti poslovnega komuniciranja<\/a><\/span><\/p>\n<p>\u00a0<\/p>\n<p><span lang=\"SL\"><a href=\"https:\/\/www.cek.ef.uni-lj.si\/u_diplome\/ziberna1714.pdf\">Korupcija in gospodarska rast<\/a><\/span><\/p>\n<p>\u00a0<\/p>\n<p><span lang=\"SL\"><a href=\"https:\/\/www.cek.ef.uni-lj.si\/u_diplome\/kovac1365.pdf\">Problem razkrivanja zaupnih informacij \u0161ir\u0161i javnosti &#8211; &#8220;whistleblowing&#8221;<\/a><\/span><\/p>\n<p>\u00a0<\/p>\n<p><span lang=\"SL\"><a href=\"https:\/\/www.cek.ef.uni-lj.si\/u_diplome\/bucic1255.pdf\">Vrste korupcije v Sloveniji in mo\u017enosti za njihovo prepre\u010devanje<\/a><\/span><\/p>\n<p>\u00a0<\/p>\n<p><span lang=\"SL\"><a href=\"https:\/\/www.cek.ef.uni-lj.si\/u_diplome\/sedej1147.pdf\">Korupcija v zdravstvu<\/a><\/span><\/p>\n<p>\u00a0<\/p>\n<p><span lang=\"SL\"><a href=\"https:\/\/www.cek.ef.uni-lj.si\/u_diplome\/lesjak814.pdf\">Primerjava slovenskega in slova\u0161kega sistema javnega naro\u010danja v procesu prilagajanja smernicam Evropske unije<\/a><\/span><\/p>\n<p>\u00a0<\/p>\n<p><span lang=\"SL\"><a href=\"https:\/\/www.cek.ef.uni-lj.si\/u_diplome\/maher707.pdf\">Privatizacija in makroekonomski polo\u017eaj Zvezne republike Jugoslavije<\/a><\/span><\/p>\n<p>\u00a0<\/p>\n<p><span lang=\"SL\"><a href=\"https:\/\/www.cek.ef.uni-lj.si\/u_diplome\/makar295.pdf\">Korupcija in indeks korupcije v Sloveniji<\/a><\/span><\/p>\n<p>\u00a0<\/p>\n<p><span lang=\"SL\"><a href=\"https:\/\/www.cek.ef.uni-lj.si\/u_diplome\/garvas294.pdf\">Eti\u010dni vidiki poslovnih daril<\/a><\/span><\/p>\n<p>\u00a0<\/p>\n<p><span lang=\"SL\"><a href=\"https:\/\/www.cek.ef.uni-lj.si\/u_diplome\/zlajpah54.pdf\">Etika in korupcija v poslovnem svetu<\/a><\/span><\/p>\n<p>\u00a0<\/p>\n<p><span lang=\"SL\"><a href=\"https:\/\/dkum.uni-mb.si\/Dokument.php?id=23833\">Podjetni\u0161ke prevare = Corporate fraud : delo diplomskega seminarja<\/a><\/span><\/p>\n<p>\u00a0<\/p>\n<p><span lang=\"SL\"><a href=\"https:\/\/dkum.uni-mb.si\/Dokument.php?id=25521\">Korupcija v slovenskih podjetjih = Corruption in Slovenian companies &#8211; diplomski seminar<\/a><\/span><\/p>\n<p>\u00a0<\/p>\n<p><span lang=\"SL\"><a href=\"https:\/\/dkum.uni-mb.si\/Dokument.php?id=23154\">Etika in korupcija v okviru menjalnih procesov organizacij = Ethics and corruption in the exchange processes of the organizations<\/a><\/span><\/p>\n<p>\u00a0<\/p>\n<p><span lang=\"SL\"><a href=\"https:\/\/dkum.uni-mb.si\/Dokument.php?id=18844\">Korupcija kot ovira za eti\u010dno mednarodno poslovanje = Corruption as a barrier to ethical international business<\/a><\/span><\/p>\n<p>\u00a0<\/p>\n<p><span lang=\"SL\"><a href=\"https:\/\/dkum.uni-mb.si\/Dokument.php?id=17158\">Gospodarski kriminal v Sloveniji = Economic crime in Slovenia<\/a><\/span><\/p>\n<p>\u00a0<\/p>\n<p><span lang=\"SL\"><a href=\"https:\/\/www.epf.uni-mb.si\/ediplome\/pdfs\/uzmah-klavdija.pdf\">Narodnogospodarski in podjetni\u0161ki vidiki gospodarske kriminalitete<\/a><\/span><\/p>\n<p>\u00a0<\/p>\n<p><span lang=\"SL\"><a href=\"https:\/\/www.epf.uni-mb.si\/ediplome\/pdfs\/dedic-tina.pdf\">Eti\u010dni vidik v poslovodnem ra\u010dunovodstvu<\/a><\/span><\/p>\n<p>\u00a0<\/p>\n<p><span lang=\"SL\"><a href=\"https:\/\/www.epf.uni-mb.si\/ediplome\/pdfs\/fric-mateja.pdf\">Prepre\u010devanje korupcije in pranja denarja<\/a><\/span><\/p>\n<p>\u00a0<\/p>\n<p><span lang=\"SL\"><a href=\"https:\/\/www.epf.uni-mb.si\/ediplome\/pdfs\/frece-nina.pdf\">Poslovanje z Egiptom : poslovne prilo\u017enosti in tveganja<\/a><\/span><\/p>\n<p>\u00a0<\/p>\n<p><span lang=\"SL\"><a href=\"https:\/\/www.epf.uni-mb.si\/ediplome\/pdfs\/simonic-simona.pdf\">Vpliv Enrona na ra\u010dunovodstvo in revizijo v ZDA in EU<\/a><\/span><\/p>\n<p>\u00a0<\/p>\n<p><span lang=\"SL\"><a href=\"https:\/\/www.epf.uni-mb.si\/ediplome\/pdfs\/seligo-klavdija.pdf\">Notranja revizija javnih naro\u010dil<\/a><\/span><\/p>\n<p>\u00a0<\/p>\n<p><span lang=\"SL\"><a href=\"https:\/\/www.epf.uni-mb.si\/ediplome\/pdfs\/knehtl-brigita.pdf\">Poslovna etika in gospodarski kriminal<\/a><\/span><\/p>\n<p>\u00a0<\/p>\n<p><span lang=\"SL\"><a href=\"https:\/\/diplome.fov.uni-mb.si\/vis\/13102KlevaGacnik.pdf\">Moralno eti\u010dni pogledi na korupcijo v poslovnem svetu visoko\u0161olskega strokovnega \u0161tudija<\/a><\/span><\/p>\n<p>\u00a0<\/p>\n<p><span lang=\"SL\"><a href=\"https:\/\/www.fu.uni-lj.si\/diplome\/pdfs\/diplomska\/kavcickarin.pdf\">Javna uprava in civilna dru\u017eba<\/a><\/span><\/p>\n<p>\u00a0<\/p>\n<p><span lang=\"SL\"><a href=\"https:\/\/www.fu.uni-lj.si\/diplome\/pdfs\/diplomska\/stupicatina.pdf\">Korupcija v dr\u017eavni upravi visoko\u0161olskega strokovnega \u0161tudijskega programa<\/a><\/span><\/p>\n<p>\u00a0<\/p>\n<p><span lang=\"SL\"><a href=\"https:\/\/www.fu.uni-lj.si\/diplome\/pdfs\/diplomska\/poharspela.pdf\">Razkrivanje nepravilnosti v javni upravi univerzitetnega programa<\/a><\/span><\/p>\n<p>\u00a0<\/p>\n<p><span lang=\"SL\"><a href=\"https:\/\/www.fu.uni-lj.si\/diplome\/pdfs\/diplomska\/cegnarspela.pdf\">Korupcija v zdravstvu univerzitetnega programa<\/a><\/span><\/p>\n<p>\u00a0<\/p>\n<p><span lang=\"SL\"><a href=\"https:\/\/www.fu.uni-lj.si\/diplome\/pdfs\/diplomska\/gracakmarko.pdf\">U\u010dinkovitost zdravstva univerzitetnega programa<\/a><\/span><\/p>\n<p>\u00a0<\/p>\n<p><span lang=\"SL\"><a href=\"https:\/\/www.fu.uni-lj.si\/diplome\/pdfs\/diplomska\/ahacicmateja.pdf\">Etika v javni upravi visoko\u0161olskega programa<\/a><\/span><\/p>\n<p>\u00a0<\/p>\n<p><span lang=\"SL\"><a href=\"https:\/\/dkum.uni-mb.si\/Dokument.php?id=26622\">Analiza na\u010delnih mnenj Komisije za prepre\u010devanje korupcije<\/a><\/span><\/p>\n<p>\u00a0<\/p>\n<p><span lang=\"SL\"><a href=\"https:\/\/dkum.uni-mb.si\/Dokument.php?id=26594\">Yakuza : evolucija, korupcija in vpliv na dr\u017eavo<\/a><\/span><\/p>\n<p>\u00a0<\/p>\n<p><span lang=\"SL\"><a href=\"https:\/\/dkum.uni-mb.si\/Dokument.php?id=25495\">Whistleblowerji ali prijavitelji<\/a><\/span><\/p>\n<p>\u00a0<\/p>\n<p><span lang=\"SL\"><a href=\"https:\/\/dkum.uni-mb.si\/Dokument.php?id=23433\">State capture v Sloveniji<\/a><\/span><\/p>\n<p>\u00a0<\/p>\n<p><span lang=\"SL\"><a href=\"https:\/\/dkum.uni-mb.si\/Dokument.php?id=23420\">Korporacijska kriminaliteta in kriminaliteta dr\u017eave<\/a><\/span><\/p>\n<p>\u00a0<\/p>\n<p><span lang=\"SL\"><a href=\"https:\/\/dkum.uni-mb.si\/Dokument.php?id=21885\">Korupcija v Nem\u010diji<\/a><\/span><\/p>\n<p>\u00a0<\/p>\n<p><span lang=\"SL\"><a href=\"https:\/\/dkum.uni-mb.si\/Dokument.php?id=20196\">Problematika preiskovanja gospodarske kriminalitete na Policijski upravi Celje<\/a><\/span><\/p>\n<p>\u00a0<\/p>\n<p><span lang=\"SL\"><a href=\"https:\/\/dkum.uni-mb.si\/Dokument.php?id=17649\">Ali je korupcija organizirani ali gospodarski kriminal ali eno in drugo<\/a><\/span><\/p>\n<p>\u00a0<\/p>\n<p><span lang=\"SL\"><a href=\"https:\/\/dkum.uni-mb.si\/Dokument.php?id=15656\">Ogro\u017eanje \u010dlovekovih pravic s korupcijo<\/a><\/span><\/p>\n<p>\u00a0<\/p>\n<p><span lang=\"SL\"><a href=\"https:\/\/dkum.uni-mb.si\/Dokument.php?id=15300\">Organizirani kriminal v \u010crni gori<\/a><\/span><\/p>\n<p>\u00a0<\/p>\n<p><span lang=\"SL\"><a href=\"https:\/\/dkum.uni-mb.si\/Dokument.php?id=15389\">Prepre\u010devanje korupcije v represivnem obdobju tranzicije<\/a><\/span><\/p>\n<p>\u00a0<\/p>\n<p><span lang=\"SL\"><a href=\"https:\/\/dkum.uni-mb.si\/Dokument.php?id=12728\">Svet Evrope in kriminaliteta<\/a><\/span><\/p>\n<p>\u00a0<\/p>\n<p><span lang=\"SL\"><a href=\"https:\/\/www.cek.ef.uni-lj.si\/u_diplome\/makar295.pdf\" title=\"https:\/\/www.cek.ef.uni-lj.si\/u_diplome\/makar295.pdf\">Korupcija in indeks korupcije v Sloveniji<\/a> <\/span><\/p>\n<p>\u00a0<\/p>\n<p><span lang=\"SL\"><a href=\"https:\/\/www.cek.ef.uni-lj.si\/u_diplome\/lesjak814.pdf\" title=\"https:\/\/www.cek.ef.uni-lj.si\/u_diplome\/lesjak814.pdf\">Primerjava slovenskega in slova\u0161kega sistema javnega naro\u010danja v procesu prilagajanja smernicam Evropske unije<\/a> <\/span><\/p>\n<p>\u00a0<\/p>\n<p><span lang=\"SL\"><a href=\"https:\/\/www.cek.ef.uni-lj.si\/u_diplome\/sedej1147.pdf\" title=\"https:\/\/www.cek.ef.uni-lj.si\/u_diplome\/sedej1147.pdf\">Korupcija v zdravstvu<\/a> <\/span><\/p>\n<p>\u00a0<\/p>\n<p><span lang=\"SL\"><a href=\"https:\/\/www.cek.ef.uni-lj.si\/u_diplome\/bucic1255.pdf\" title=\"https:\/\/www.cek.ef.uni-lj.si\/u_diplome\/bucic1255.pdf\">Vrste korupcije v Sloveniji in mo\u017enosti za njihovo prepre\u010devanje<\/a> <\/span><\/p>\n<p>\u00a0<\/p>\n<p><span lang=\"SL\"><a href=\"https:\/\/www.cek.ef.uni-lj.si\/u_diplome\/kovac1365.pdf\" title=\"https:\/\/www.cek.ef.uni-lj.si\/u_diplome\/kovac1365.pdf\">Problem razkrivanja zaupnih informacij \u0161ir\u0161i javnosti &#8211; &#8220;whistleblowing&#8221;<\/a> <\/span><\/p>\n<p>\u00a0<\/p>\n<p><span lang=\"SL\"><a href=\"https:\/\/www.cek.ef.uni-lj.si\/u_diplome\/ziberna1714.pdf\" title=\"https:\/\/www.cek.ef.uni-lj.si\/u_diplome\/ziberna1714.pdf\">Korupcija in gospodarska rast<\/a> <\/span><\/p>\n<p>\u00a0<\/p>\n<p><span lang=\"SL\"><a href=\"https:\/\/www.cek.ef.uni-lj.si\/u_diplome\/muhic1774.pdf\" title=\"https:\/\/www.cek.ef.uni-lj.si\/u_diplome\/muhic1774.pdf\">Ekonomska analiza prijavljanja na javna naro\u010dila s stali\u0161\u010da malih podjetij<\/a> <\/span><\/p>\n<p>\u00a0<\/p>\n<p><span lang=\"SL\"><a href=\"https:\/\/www.cek.ef.uni-lj.si\/u_diplome\/gacic1874.pdf\" title=\"https:\/\/www.cek.ef.uni-lj.si\/u_diplome\/gacic1874.pdf\">Analiza korupcije v Bosni in Hercegovini<\/a> <\/span><\/p>\n<p>\u00a0<\/p>\n<p><span lang=\"SL\"><a href=\"https:\/\/www.cek.ef.uni-lj.si\/u_diplome\/dormis1875.pdf\" title=\"https:\/\/www.cek.ef.uni-lj.si\/u_diplome\/dormis1875.pdf\">Vpliv korupcije na gospodarstvo<\/a> <\/span><\/p>\n<p>\u00a0<\/p>\n<p><span lang=\"SL\"><a href=\"https:\/\/dk.fdv.uni-lj.si\/diplomska\/pdfs\/Kovse-Rok.PDF\" title=\"https:\/\/dk.fdv.uni-lj.si\/diplomska\/pdfs\/Kovse-Rok.PDF\">Balkanizacija Gruzije<\/a> <\/span><\/p>\n<p>\u00a0<\/p>\n<div align=\"center\">\n<hr width=\"100%\" size=\"2\" \/><\/div>\n<ul type=\"disc\">\n<li><strong>Magistrska dela<\/strong><\/li>\n<\/ul>\n<p><span lang=\"SL\"><a href=\"https:\/\/diplome.fov.uni-mb.si\/mag\/11743Tomasic.pdf\" title=\"https:\/\/diplome.fov.uni-mb.si\/mag\/11743Tomasic.pdf\">Analiza stanja koruptivnosti finan\u010dnega poslovanja slovenskih mikro podjetnikov<\/a> <\/span><\/p>\n<p>\u00a0<\/p>\n<p><span lang=\"SL\"><a href=\"https:\/\/www.cek.ef.uni-lj.si\/magister\/kure435.pdf\" title=\"https:\/\/www.cek.ef.uni-lj.si\/magister\/kure435.pdf\">Za\u0161\u010dita finan\u010dnih interesov Evropske unije in soudele\u017eba Slovenije<\/a><\/span><\/p>\n<p><span lang=\"SL\"><br \/><\/span><\/p>\n<p><a href=\"https:\/\/www.cek.ef.uni-lj.si\/specialist\/gobec3483.pdf\">Vloge in metode notranjega revizorja pri odkrivanju, preiskovanju in prepre\u010devanju prevar in korupcije &#8211; specialisti\u010dno delo<\/a><\/p>\n<p>\u00a0<\/p>\n<p><a href=\"https:\/\/dkum.uni-mb.si\/Dokument.php?id=12706\">Kadrovska korupcija v javni upravi &#8211; specialisti\u010dna naloga<\/a><\/p>\n<p>\u00a0<\/p>\n<p><a href=\"https:\/\/dk.fdv.uni-lj.si\/magistrska\/pdfs\/mag_Dimc-Maja.PDF\">Korupcija in neformalne mre\u017ee v Sloveniji<\/a><\/p>\n<p>\u00a0<\/p>\n<p><a href=\"https:\/\/www.cek.ef.uni-lj.si\/magister\/pivk4304.pdf\">Javna naro\u010dila v javnem sektorju<\/a><\/p>\n<p>\u00a0<\/p>\n<p><a href=\"https:\/\/www.cek.ef.uni-lj.si\/magister\/kemperl3896.pdf\">Obseg in zna\u010dilnosti sive ekonomije na podro\u010dju gradbeni\u0161tva v Sloveniji<\/a><\/p>\n<p>\u00a0<\/p>\n<p><a href=\"https:\/\/www.cek.ef.uni-lj.si\/magister\/valencic3735.pdf\">Ekonomski vidiki korupcije<\/a><\/p>\n<p>\u00a0<\/p>\n<p><a href=\"https:\/\/www.cek.ef.uni-lj.si\/magister\/cej3501.pdf\">Politi\u010dno tveganje v mednarodnem poslovanju podjetij<\/a><\/p>\n<p>\u00a0<\/p>\n<p><a href=\"https:\/\/www.cek.ef.uni-lj.si\/magister\/maric54-B.pdf\">Povezava lobiranja in korupcije<\/a><\/p>\n<p>\u00a0<\/p>\n<p><a href=\"https:\/\/www.fu.uni-lj.si\/diplome\/pdfs\/magistrska\/mernikgobecpolona.pdf\">Korupcija pri postopku javnega naro\u010danja<\/a><\/p>\n<p>\u00a0<\/p>\n<p><a href=\"https:\/\/dkum.uni-mb.si\/Dokument.php?id=26630\">Pojavnost korupcije v slovenskem novinarstvu<\/a><\/p>\n<p>\u00a0<\/p>\n<div align=\"center\">\n<hr width=\"100%\" size=\"2\" \/><\/div>\n<ul type=\"disc\">\n<li><strong>Doktorske disertacije<\/strong><\/li>\n<\/ul>\n<p><span lang=\"SL\">Ni nobene doktorske disertacije iz Slovenije, dostopne na internetu. Opozarjamo pa, da je edino doktorsko disertacijo na temo korupcija z naslovom Korupcija v javni upravi, napisal Bojan Dobov\u0161ek v sklopu Fakultete za dru\u017ebene vede. <\/span><\/p>\n<p>\u00a0<\/p>\n","protected":false},"excerpt":{"rendered":"<p>\u00a0 Na tem mestu bomo zbirali povezave do diplomskih in magistrskih del ter doktorskih disertacij na temo korupcija (in vse, kar je mo\u010dno povezano z njo). Navedli bomo samo dela, ki so dosegljiva na internetu. \u00a0 Diplomska dela Razvoj protikorupcijskega boja v Sloveniji \u00a0 Etika in korupcija v poslovnem svetu \u00a0 Eti\u010dni vidiki poslovnih daril &hellip; <a href=\"https:\/\/www.dossierkorupcija.com\/wiki\/?page_id=17\" class=\"more-link\">Preberi ve\u010d<span class=\"screen-reader-text\"> &#8220;Diplomska, magistrska in doktorska dela o korupciji&#8221;<\/span><\/a><\/p>\n","protected":false},"author":1,"featured_media":0,"parent":0,"menu_order":3,"comment_status":"open","ping_status":"open","template":"","meta":[],"_links":{"self":[{"href":"https:\/\/www.dossierkorupcija.com\/wiki\/index.php?rest_route=\/wp\/v2\/pages\/17"}],"collection":[{"href":"https:\/\/www.dossierkorupcija.com\/wiki\/index.php?rest_route=\/wp\/v2\/pages"}],"about":[{"href":"https:\/\/www.dossierkorupcija.com\/wiki\/index.php?rest_route=\/wp\/v2\/types\/page"}],"author":[{"embeddable":true,"href":"https:\/\/www.dossierkorupcija.com\/wiki\/index.php?rest_route=\/wp\/v2\/users\/1"}],"replies":[{"embeddable":true,"href":"https:\/\/www.dossierkorupcija.com\/wiki\/index.php?rest_route=%2Fwp%2Fv2%2Fcomments&post=17"}],"version-history":[{"count":0,"href":"https:\/\/www.dossierkorupcija.com\/wiki\/index.php?rest_route=\/wp\/v2\/pages\/17\/revisions"}],"wp:attachment":[{"href":"https:\/\/www.dossierkorupcija.com\/wiki\/index.php?rest_route=%2Fwp%2Fv2%2Fmedia&parent=17"}],"curies":[{"name":"wp","href":"https:\/\/api.w.org\/{rel}","templated":true}]}}